 2*f - 0*f + 6*f. Let p = f - m. Calculate the remainder when 5 is divided by p.
2
Suppose 294 = -4*z - 2*n, 0 = 4*n + 2 + 2. Let a = -49 - z. What is the remainder when a is divided by 13?
11
Let s(o) = -o - 4. Let h be ((-4)/6)/(3/36). Let q be s(h). Let n = 9 + q. Calculate the remainder when 25 is divided by n.
12
Let u(z) = 6*z**3 + z**2 - 3*z + 1. Let q(l) = l**3 + 9*l**2 + 12*l - 12. Calculate the remainder when u(2) is divided by q(-6).
23
Let a(j) = -2*j**2 - 26*j + 16. What is the remainder when 45 is divided by a(-13)?
13
Let h(z) = z**2 - z + 8. Calculate the remainder when 14 is divided by h(0).
6
Let u(g) = 5*g - 11. Calculate the remainder when 44 is divided by u(4).
8
Suppose 57 + 64 = n. Calculate the remainder when n is divided by 31.
28
Let i = 72 - 33. What is the remainder when i is divided by 5?
4
Let o(v) = -v**2 - 26*v - 24. Calculate the remainder when 1 is divided by o(-25).
0
Suppose -g = -5*v + 10, 2*v + 3*v = -g + 10. Suppose -3*k - 50 = -7*x + v*x, 3*k - 67 = -4*x. What is the remainder when 25 is divided by x?
12
Suppose 0 = 6*u - 172 - 416. Calculate the remainder when u is divided by 20.
18
Suppose 3*o + 229 = 4*g - 142, -2*g + 2*o = -188. What is the remainder when g - (-2 + -2 + 4) is divided by 23?
20
What is the remainder when 6*1/8*24 is divided by 5?
3
Suppose 4 = 2*x - x. What is the remainder when 7 is divided by x?
3
Let b = 1 - -1. Let d be ((-5)/2)/((-1)/b). Suppose -3*z = d*v + 1 - 50, -3*z + 41 = v. What is the remainder when 37 is divided by z?
11
Let c(g) = -g**3 - g**2 - g - 9. Let j be c(0). Let z(n) = n**3 + 9*n**2 + n + 13. Calculate the remainder when 5 is divided by z(j).
1
Suppose -5*f = -5*v + 310, 5*v + 263 = 9*v - f. Calculate the remainder when v is divided by 14.
11
Suppose 47 = k - 4*l, -3*l + 141 = 3*k + 2*l. Calculate the remainder when k is divided by 21 - 6 - (3 + -4).
15
Let o = -13 - -18. Suppose 5*m = d - 52, 4*m + 112 = o*d - 85. Calculate the remainder when d is divided by 19.
18
Let g be (7/4 - 1)*4. Let n(z) = -z**2 + 2*z - 3. Let s be n(g). Let x = 10 + s. Calculate the remainder when 15 is divided by x.
3
Let k(q) be the first derivative of -5*q**2/2 - 4*q - 2. What is the remainder when k(-7) is divided by 8?
7
Calculate the remainder when -2*(-5)/(20/38) is divided by 7.
5
Suppose 2*x = l - 174, -4*l + x = -0*x - 668. Calculate the remainder when l is divided by 21.
19
Suppose -4*a - 10 - 6 = 0, -2*d - 5*a + 274 = 0. Calculate the remainder when d is divided by 37.
36
Let d(v) = v**3 + 6*v**2 - 9. What is the remainder when 45 is divided by d(-5)?
13
Let x(y) = y**3 - 9*y**2 + 14*y + 16. Suppose -3 - 12 = -2*c - l, -c + 4*l = -21. What is the remainder when x(7) is divided by c?
7
Let v be ((-98)/70)/(1/(-5)). Suppose 0 = 3*b - v*b + 144. Calculate the remainder when 106 is divided by b.
34
Suppose 4*v = -34 + 14. Let q = 14 + v. Let i = -17 + 33. Calculate the remainder when i is divided by q.
7
What is the remainder when -3*(-481)/(-26)*4/(-6) is divided by 19?
18
Suppose 0 = 5*k + 15, -12 = m + k + 6. Let p be 126/m - (-4)/10. Let x(d) = d**3 + 9*d**2 + d - 11. Calculate the remainder when x(p) is divided by 12.
9
Calculate the remainder when 6 is divided by 10/6*9/5.
0
Let l = -13 - -22. Calculate the remainder when 25 is divided by l.
7
Suppose -4*g = -5*l + 150, 0*g - 3*g + 15 = 0. Suppose 5*m - 31 = -2*v - 5, -4*v - m + 70 = 0. Calculate the remainder when l is divided by v.
16
Suppose -3*q + 32 = 5*s - 19, 9 = s + q. What is the remainder when 8/12 - (-136)/s is divided by 7?
5
Let j(k) = -7*k + 4. Suppose 0*u - u + 15 = 0. Let p = u - 6. Calculate the remainder when j(-3) is divided by p.
7
Suppose -5*k + 22 = -48. What is the remainder when k is divided by 4?
2
Let z(b) = 2*b**2 - 6*b + 6. Calculate the remainder when 14 is divided by z(3).
2
Let z(i) = -16*i + 2 + i**2 + 3*i - 14*i**2 - i**3 + i**2. What is the remainder when 71 is divided by z(-11)?
23
Let s(i) = 3*i**2 + 8*i + 7. Suppose 2*q + 3*q + 5*o - 80 = 0, 4*q - o = 69. Suppose -p + 0 = -q. Calculate the remainder when p is divided by s(-3).
7
Let i(u) = -u**3 - 4*u**2 - 3*u + 2. Let a be i(-3). Suppose 5 = a*y + 1. What is the remainder when y is divided by 2?
0
Let p be (-2)/(-2)*(-5 - -4). Let b = p - -14. Calculate the remainder when b is divided by 7.
6
Suppose 0 = 2*r + 2*s + 2, -7 = 4*r + 5*s. Let c = 2 + 2. Calculate the remainder when c is divided by r.
0
Let d(y) be the third derivative of -5*y**4/24 - y**3/6 + y**2. Suppose 5*j = 2*t + 17, -5*t + 19 = j - 6. Calculate the remainder when d(-3) is divided by t.
2
Let g = -34 - -48. Suppose 0 = 3*p - k - g, -3*p = 2*k - 0*k - 8. What is the remainder when p is divided by 2?
0
Let f(l) = 23*l. Suppose -2*i - 3 = -5. Let b = 23 + -15. Calculate the remainder when f(i) is divided by b.
7
Let i(y) = -y**3 - 7*y**2 - 5*y - 4. Suppose -3*u = -5*u - 6, -f + 4*u = -5. Calculate the remainder when i(f) is divided by ((-16)/2)/((-2)/4).
15
Let y = 7 + 16. Let b = y - 13. Calculate the remainder when 38 is divided by b.
8
Suppose 108 = -5*q + 4*k - 119, -3*k = -q - 41. Let w = 79 + q. Calculate the remainder when w is divided by 2 - 7/(7/(-15)).
15
Let r be 44*10/28*7. Suppose 3*t - r = 91. What is the remainder when t is divided by 17?
16
Let l(m) = -m**2 - 11*m + 7. Let b(y) = -2*y**2 - 22*y + 14. Let q(a) = -2*b(a) + 5*l(a). What is the remainder when q(-10) is divided by 11?
6
Let j(h) = -12*h**3 - h**2 - h - 1. Suppose -3*a + 7*a = -4*k + 16, -3*a = k - 4. Suppose w = -k*w + 30. Calculate the remainder when j(-1) is divided by w.
5
Let q = 21 + -23. Let w(r) = -2*r + 2. What is the remainder when 11 is divided by w(q)?
5
Suppose h + 3 = -2. Let s(z) = z**2 + 4*z + 4. What is the remainder when 25 is divided by s(h)?
7
Suppose 3*k - k - 3*a = 190, -5*a = 4*k - 358. Suppose 0*l - 4*l + k = 0. Calculate the remainder when l is divided by (-12)/((1 - 0)*-1).
11
Let v = 34 - 30. Calculate the remainder when 19 is divided by v.
3
Let c be 309/12 - 2/(-8). Let h = 36 - c. Suppose 2*t + 9 = -5*j - 8, -t = 4*j + 16. What is the remainder when h is divided by t?
2
Suppose -4*y + 6 = -6. Suppose 4 = y*c - 5. Suppose -j + 5*u = 2*j - 6, -3*j - 3*u = -30. Calculate the remainder when j is divided by c.
1
Suppose 9*z - 5*z = 4. Calculate the remainder when 3 is divided by z.
0
Suppose i = -0*i - 3*l - 4, 4 = i + l. Calculate the remainder when 29 is divided by i.
5
Let f = -8 - -13. Suppose -f*d + 10 = -15. Suppose 0 = d*x - 3*l + 2, -2*x - 2*l + 3*l = 0. What is the remainder when 3 is divided by x?
1
Let t = -47 + 1. Calculate the remainder when ((-14)/(-4) + -4)*t is divided by 5.
3
Let m = 49 - 19. What is the remainder when m is divided by 16?
14
Suppose 4*q + 24 = -2*i + 4*i, -3*i + 46 = -q. Let f(y) = -y - 1. Let c be f(11). What is the remainder when 121/4 + 3/c is divided by i?
14
Let c(x) = -x**3 + 2*x**2 + 3*x - 3. Suppose b - 2 = -0*b. Let m = -18 - -21. What is the remainder when m is divided by c(b)?
0
Suppose 22 = p - 21. Suppose -105 = 6*w - 13*w. Calculate the remainder when p is divided by w.
13
Let v(g) be the first derivative of -67*g**4/4 + g**2/2 + 8. Calculate the remainder when v(-1) is divided by 17.
15
Let d = 19 - 3. Calculate the remainder when 29 is divided by d.
13
Suppose 2*y - 10 = -0*y. Suppose c - 4*g + 9 = 0, -3*g - 70 = -y*c - 6*g. Let q = 34 - 2. Calculate the remainder when q is divided by c.
10
Let w be (-209)/9 - 2/(-9). Let s = w + 43. Let q = s + 0. Calculate the remainder when q is divided by 11.
9
Suppose 0 = -6*u + 2*u - r + 10, 5*r = 5*u. Suppose 5*w = c + 14, 2*c + 2*c - 54 = -u*w. What is the remainder when 20 is divided by c?
9
Let y be (6*-1)/(9/6). Let x(g) = -9*g + 1. Let u(n) = 10*n - 1. Let q(w) = 3*u(w) + 4*x(w). Calculate the remainder when q(y) is divided by 13.
12
Suppose -4*l + 52 = -2*o, 0 = 3*l - 6*l - 4*o + 50. Calculate the remainder when 27 is divided by l.
13
Let q = 4 + 0. What is the remainder when 11 is divided by q?
3
Let b be (-1)/(15/(-6) - -2). Calculate the remainder when b/(-6) + 64/12 is divided by 2.
1
Suppose -11*n + 15*n = 32. What is the remainder when 35 is divided by n?
3
Suppose -5*w + 4*s + 13 = -12, 0 = 5*w + 3*s - 25. Suppose 0 = -3*c + w*c - 6. What is the remainder when 